when i is divided by 29?
20
Let a = 540 - 540. Suppose 2*k = 5*k - 2*g - 742, a = -5*k - 3*g + 1224. What is the remainder when k is divided by 19?
18
What is the remainder when 508 is divided by (1891/244)/(1/20)?
43
Suppose -13 = -v - 4*g, 8*g - 12*g + 112 = 4*v. What is the remainder when v is divided by 3?
0
Let c(h) = -13*h**3. Calculate the remainder when c(-2) is divided by 42/3 + (6/8)/((-111)/296).
8
Suppose -3*u + 501 = 2*j, -3*j - 2*u + 581 = -178. What is the remainder when j is divided by 61?
11
Let l(c) = -c**2 - 34*c + 265. Let w be l(-40). Suppose 47 = 3*u - 8*z + 13*z, 5*z = -w. Calculate the remainder when 48 is divided by u.
0
Calculate the remainder when (-4)/(64/(-13518)) - (10 - 1296/128) is divided by 130.
65
Let w = 576 + -545. Suppose -w*n + 300 = -940. Calculate the remainder when 515 is divided by n.
35
Let k(x) be the first derivative of 1/4*x**4 + 4*x + 3*x**2 - 5 + 2*x**3. What is the remainder when 24 is divided by k(-3)?
11
Let h = 31 - -13. Suppose 33*b - 92 = 29*b. What is the remainder when h is divided by b?
21
Let o(i) = i**2 - 15*i - 7. Let a = -205 + 203. What is the remainder when 483 is divided by o(a)?
24
Suppose 0 = 5*x + 4*a - 5, 0*x = 5*x + 5*a. Let v(d) = -d**3 + 6*d**2 - 11*d + 80. What is the remainder when v(x) is divided by 10 - -1 - 6/(-3)?
11
Let l be -11*(-2)/220 - 3778/(-20). Let p = 241 - l. Calculate the remainder when p is divided by 24.
4
Suppose 0*h + 2*h = 6. Suppose -h*o + 420 = -4*m, 2*m - m + 3 = 0. Calculate the remainder when o is divided by 48.
40
Let t = -3849 + 3899. Calculate the remainder when 588 is divided by t.
38
Suppose -40 = -3*l - 8*b + 4*b, 0 = l + 5*b - 28. Suppose -3*i + 658 = -u, -3*u + l*u = -i + 214. Calculate the remainder when i is divided by 46.
35
Let c(n) = 571*n + 3433. What is the remainder when 608 is divided by c(-6)?
6
Let c(j) = -10*j + 176. Let w be c(21). Let k(v) = v**3 - 8*v**2 + 7*v + 7. Calculate the remainder when ((-17)/w)/(1/(-22))*-5 is divided by k(7).
6
Let s(m) = -15*m - 20. Let x be s(-7). Let g = 91 - x. What is the remainder when 27 is divided by g?
3
Suppose 4*c - 8 - 8 = 0. Suppose 3*u = -3*v + 676 - 49, 2*v = c*u + 436. What is the remainder when v is divided by 36?
32
Let y = -3568 + 4250. Calculate the remainder when y is divided by 115.
107
Let p = 18 - 19. Calculate the remainder when p + 5 - (4 + -167) is divided by ((-420)/65)/((-24)/156).
41
Suppose 4*t - 3*r = -401, -5*r + 15 = -0*r. Let s = -91 - t. What is the remainder when (-434)/(-8) + 2/(-8) is divided by s?
5
Let d = 14035 + -13495. What is the remainder when d is divided by 526?
14
Let c(u) = -38 - 2*u + 11 + u**2 + 12 + 5. What is the remainder when c(-11) is divided by 49?
35
Suppose 0 = -2*j - 7*k + 130, 247 = 3*j - 17*k + 21*k. Calculate the remainder when 11715 is divided by j.
90
Let x(s) = 3*s**2 - s + 2. Calculate the remainder when 53981/230 - (-87)/290 is divided by x(-3).
11
Suppose 4*z + 345 = -5*w - 137, w + 613 = -5*z. Let k = 228 + z. Calculate the remainder when k is divided by 54.
51
Suppose -14*n - 27 = -83. Suppose -37 = -3*w + 7*w + 5*j, 4*j = 3*w - 11. What is the remainder when (w + (-14)/(-4))*22 is divided by n?
3
Let a(f) = -2*f**3 - 3*f**2 - f - 13. Let q be a(-6). What is the remainder when q/15 - (-8)/(-60) is divided by 8?
5
Suppose -11*o + 13*o = 10. Suppose n = -0*j + 5*j - 53, 3*n = -o*j + 61. What is the remainder when 18 - (2 + (2 - 0)) is divided by j?
3
Let i be (-8)/6*402/(-4). Suppose -2*h + i - 22 = 2*a, 4*h - 204 = a. Calculate the remainder when h is divided by (-9)/1*(-48 - -47).
7
Suppose 0 = -5*x - z + 24, -5*x + 2*z + 7 = -5. Let p be (8 + 2)/(140/(-336)). Calculate the remainder when (-717)/(-18) - x/p is divided by 7.
5
Suppose p = -4*z + 3323, 0 = -2*z + 3*z + 5*p - 845. Calculate the remainder when z is divided by 17.
14
Let b(w) = -w - 4. Suppose 9*a = 236 + 106. Suppose -a = -12*o - 14. What is the remainder when o is divided by b(-6)?
0
Let a = -7649 + 7773. Calculate the remainder when 192 is divided by a.
68
Suppose 10*w = 3*g + 8*w, 5*w = -5*g. Suppose -1 + 5 = 4*r, g = -4*l + 4*r + 32. What is the remainder when l is divided by 3?
0
Let j(q) = q**3 - 16*q**2 + 6*q - 10. Calculate the remainder when 205 is divided by j(16).
33
Suppose -236 = -4*q + 3*u, 7 = u + 11. Calculate the remainder when 325 is divided by q.
45
Suppose 0 = q - 79 + 27. Suppose 0 = 6*h - 10*h - q. What is the remainder when ((-30)/(-1))/(h + 14) is divided by 18?
12
Suppose s - 5*l + 2 = 4, 2*s - 19 = 5*l. Suppose -5*h + 18*o - s*o = -262, 4*h - o = 210. What is the remainder when 258 is divided by h?
50
Suppose 3*d = q + 263, 154*d + 354 = 158*d + 2*q. What is the remainder when 577 is divided by d?
49
Let o(d) = 6433*d**2 + 310*d + 626. What is the remainder when o(-2) is divided by 66?
64
Suppose 0 = -39*q + 107763 + 111573. What is the remainder when q is divided by 45?
44
Suppose 3 = 4*w - 3*l - 4, 19 = w + 5*l. Suppose -39 = -w*n + 41. What is the remainder when 97 is divided by n?
17
Suppose -4*f = -5*f + 5. Suppose f*s - 5*c - 110 = 0, -3*c = -2*s + 77 - 33. Suppose 0 = 5*p + s - 117. Calculate the remainder when p is divided by 4.
3
What is the remainder when (73/2 - 1)*340/(-19210)*-113 is divided by 218/8 - 1/4?
17
Let q = -10546 + 10550. Let r(m) = 24*m**3 - m**2 + m - 4. Let p be r(-3). What is the remainder when (21/q + -5)/((-2)/p) is divided by 29?
25
Let w(t) = t**3 + 6*t**2 + 6*t + 5. Let o be w(-5). Suppose 2*q + o - 6 = 0. Suppose -100 = -q*y - y. Calculate the remainder when 72 is divided by y.
22
Let f be -112*(8*4/8 + -5). Suppose f - 12 = h. Calculate the remainder when h is divided by 51.
49
Let k = -14 - -38. Let u(l) = -4*l - 108. Let w be u(-27). Suppose -2*r + 5*j + 36 = w, 7*r = 2*r - 4*j + k. Calculate the remainder when 30 is divided by r.
6
Let u(d) = 4*d**2 + 10*d - 3. Let t = 25 - 34. What is the remainder when u(t) is divided by 18?
15
Let w = -4948 - -5121. Calculate the remainder when 365 is divided by w.
19
Calculate the remainder when (-49)/21 - (-116641)/57 is divided by 45.
19
Suppose -2*r - 5 + 9 = 0. Suppose 5*t + 25 = 4*b - 7, -3*b + 13 = -t. Suppose -3 + 1 = b*l + 2*k, 2*l + 5*k = -16. What is the remainder when r is divided by l?
0
Let d be (-11)/(77/(-35)) - (2 - 16). Suppose -3*g + d + 26 = m, m - 77 = -5*g. Calculate the remainder when 142 is divided by g.
14
Suppose 4*a = -8*a - a. What is the remainder when (a/(-9))/5 - -61 is divided by 21?
19
Let a(r) = 3*r**2 - 16*r - 45. Calculate the remainder when 1252 is divided by a(8).
17
Let l(n) = 44*n**2 + 83*n + 90. Calculate the remainder when l(-1) is divided by 15.
6
Let f(m) = -m**3 + 4*m**2 - 4*m. Let o be f(2). Suppose o = -4*q + 2*q + 134. Let j = -36 + q. What is the remainder when j is divided by 8?
7
What is the remainder when ((-2 - -2) + 376/5)/(15/75) is divided by 13?
12
Let z(a) = 3*a - 8. Let w(j) = -3*j + 88. Let s be w(-20). Suppose 0 = 5*k + 2*g - 184, -3*k - 2*g + s = k. Calculate the remainder when k is divided by z(7).
10
Suppose 4*p = 5*o + 5, 3*o + 3*p = 2 - 5. Let c(d) be the second derivative of -2*d**5 + d**3/2 + d**2 - 26*d. What is the remainder when c(o) is divided by 15?
9
Let h(s) be the third derivative of s**5/30 - s**4/8 - 12*s**3 - 78*s**2 - 2. Calculate the remainder when 19 is divided by h(7).
4
Let o(h) = -6*h - 64. Let w = -4 + 4. Suppose 189 = -9*p - w*p. Calculate the remainder when o(p) is divided by 16.
14
Suppose 0 = -131*i + 18*i + 452. What is the remainder when 74 is divided by i?
2
Let h(v) = 2*v**2 - 20*v - 57. Let t = -290 - -303. Calculate the remainder when 461 is divided by h(t).
20
Suppose 11896 = -2*q + 32*q - 12734. Calculate the remainder when q is divided by 14.
9
Let j be -8*(7 + 8 - 2). What is the remainder when 27 is divided by (-20)/(-6) - j/(-78)?
1
Suppose -38*r = 32*r - 210. Suppose 0 = -k + c + 40, k + 4*c = -k + 110. Suppose 4*w - 3 - k = 0. What is the remainder when w is divided by r?
0
Suppose -5*c + 23 = 4*h, -5*c - 39 - 10 = -2*h. Let a = 312 - 306. What is the remainder when (-4)/h - 56/(-6) is divided by a?
3
Let p be 27 - (-5 + 0) - 0. What is the remainder when 153 is divided by p + -3 + 3 + -1?
29
Let o be 2/(-120)*-8 - (-86)/30. Suppose -o*h + 23*h = 120. Calcu